{"id":2563,"date":"2023-11-02T16:12:13","date_gmt":"2023-11-02T15:12:13","guid":{"rendered":"https:\/\/www.sumbicycles.com\/bicicletta\/alpa\/"},"modified":"2024-09-30T11:04:00","modified_gmt":"2024-09-30T09:04:00","slug":"alpa","status":"publish","type":"bicicletta","link":"https:\/\/www.sumbicycles.com\/pt-pt\/bicicleta\/alpa\/","title":{"rendered":"ALPA"},"content":{"rendered":"<h3>PONTOS FORTES:<\/h3>\n<ul>\n<li>O MAIS LEVE DA SUA CATEGORIA<\/li>\n<li>GRANDE MANOBRABILIDADE GRA\u00c7AS AO SEU COMPRIMENTO COMPACTO E BAIXO CENTRO DE GRAVIDADE<\/li>\n<li>CONECTIVIDADE BLUETOOTH<\/li>\n<li>DISPLAY INTEGRADO AO QUADRO COM UM \u00daNICO BOT\u00c3O PARA GERENCIAR TODAS AS FUN\u00c7\u00d5ES DE FORMA F\u00c1CIL E INTUITIVA<\/li>\n<li>BATERIA ADICIONAL DISPON\u00cdVEL PARA USO DE LONGO ALCANCE<\/li>\n<li>ELETR\u00d4NICA AVAN\u00c7ADA E BMS INTELIGENTE PERMITEM UMA CONDU\u00c7\u00c3O NATURAL E O CONSUMO OTIMIZADO DA BATERIA, ESTENDENDO O ALCANCE DE USO<\/li>\n<li>ESPA\u00c7O PARA TODA A FAM\u00cdLIA<\/li>\n<\/ul>\n","protected":false},"featured_media":2567,"template":"","tipologia":[74],"class_list":["post-2563","bicicletta","type-bicicletta","status-publish","has-post-thumbnail","hentry","tipologia-para-a-familia"],"acf":[],"_links":{"self":[{"href":"https:\/\/www.sumbicycles.com\/pt-pt\/wp-json\/wp\/v2\/bicicletta\/2563","targetHints":{"allow":["GET"]}}],"collection":[{"href":"https:\/\/www.sumbicycles.com\/pt-pt\/wp-json\/wp\/v2\/bicicletta"}],"about":[{"href":"https:\/\/www.sumbicycles.com\/pt-pt\/wp-json\/wp\/v2\/types\/bicicletta"}],"wp:featuredmedia":[{"embeddable":true,"href":"https:\/\/www.sumbicycles.com\/pt-pt\/wp-json\/wp\/v2\/media\/2567"}],"wp:attachment":[{"href":"https:\/\/www.sumbicycles.com\/pt-pt\/wp-json\/wp\/v2\/media?parent=2563"}],"wp:term":[{"taxonomy":"tipologia","embeddable":true,"href":"https:\/\/www.sumbicycles.com\/pt-pt\/wp-json\/wp\/v2\/tipologia?post=2563"}],"curies":[{"name":"wp","href":"https:\/\/api.w.org\/{rel}","templated":true}]}}

<h3>PONTOS FORTES:</h3>
<ul>
<li>O MAIS LEVE DA SUA CATEGORIA</li>
<li>GRANDE MANOBRABILIDADE GRAÇAS AO SEU COMPRIMENTO COMPACTO E BAIXO CENTRO DE GRAVIDADE</li>
<li>CONECTIVIDADE BLUETOOTH</li>
<li>DISPLAY INTEGRADO AO QUADRO COM UM ÚNICO BOTÃO PARA GERENCIAR TODAS AS FUNÇÕES DE FORMA FÁCIL E INTUITIVA</li>
<li>BATERIA ADICIONAL DISPONÍVEL PARA USO DE LONGO ALCANCE</li>
<li>ELETRÔNICA AVANÇADA E BMS INTELIGENTE PERMITEM UMA CONDUÇÃO NATURAL E O CONSUMO OTIMIZADO DA BATERIA, ESTENDENDO O ALCANCE DE USO</li>
<li>ESPAÇO PARA TODA A FAMÍLIA</li>
</ul>
