{"id":2571,"date":"2023-11-02T16:10:26","date_gmt":"2023-11-02T15:10:26","guid":{"rendered":"https:\/\/www.sumbicycles.com\/bicicletta\/stealth-l\/"},"modified":"2024-10-31T12:14:16","modified_gmt":"2024-10-31T11:14:16","slug":"stealth-l","status":"publish","type":"bicicletta","link":"https:\/\/www.sumbicycles.com\/pt-pt\/bicicleta\/stealth-l\/","title":{"rendered":"STEALTH L"},"content":{"rendered":"<h3>PONTOS FORTES:<\/h3>\n<ul>\n<li>CABEAMENTO INTERNO PARA UM DESIGN MINIMALISTA<\/li>\n<li>LEVE, MENOS DE 19 Kg GRA\u00c7AS AO QUADRO DE ALUM\u00cdNIO E GARFO DE CARBONO<\/li>\n<li>CONECTIVIDADE BLUETOOTH COM APP PR\u00d3PRIO<\/li>\n<li>DISPLAY INTEGRADO AO QUADRO COM UM \u00daNICO BOT\u00c3O PARA GERENCIAR TODAS AS FUN\u00c7\u00d5ES DE FORMA F\u00c1CIL E INTUITIVA<\/li>\n<li>ELETR\u00d4NICA AVAN\u00c7ADA E BMS INTELIGENTE PERMITEM UMA CONDU\u00c7\u00c3O NATURAL E CONSUMO OTIMIZADO DA BATERIA, AMPLIANDO O ALCANCE DE USO<\/li>\n<li>BATERIA ADICIONAL DE 7Ah DISPON\u00cdVEL PARA USO DE LONGO ALCANCE<\/li>\n<\/ul>\n","protected":false},"featured_media":2574,"template":"","tipologia":[74],"class_list":["post-2571","bicicletta","type-bicicletta","status-publish","has-post-thumbnail","hentry","tipologia-para-a-familia"],"acf":[],"_links":{"self":[{"href":"https:\/\/www.sumbicycles.com\/pt-pt\/wp-json\/wp\/v2\/bicicletta\/2571","targetHints":{"allow":["GET"]}}],"collection":[{"href":"https:\/\/www.sumbicycles.com\/pt-pt\/wp-json\/wp\/v2\/bicicletta"}],"about":[{"href":"https:\/\/www.sumbicycles.com\/pt-pt\/wp-json\/wp\/v2\/types\/bicicletta"}],"wp:featuredmedia":[{"embeddable":true,"href":"https:\/\/www.sumbicycles.com\/pt-pt\/wp-json\/wp\/v2\/media\/2574"}],"wp:attachment":[{"href":"https:\/\/www.sumbicycles.com\/pt-pt\/wp-json\/wp\/v2\/media?parent=2571"}],"wp:term":[{"taxonomy":"tipologia","embeddable":true,"href":"https:\/\/www.sumbicycles.com\/pt-pt\/wp-json\/wp\/v2\/tipologia?post=2571"}],"curies":[{"name":"wp","href":"https:\/\/api.w.org\/{rel}","templated":true}]}}

<h3>PONTOS FORTES:</h3>
<ul>
<li>CABEAMENTO INTERNO PARA UM DESIGN MINIMALISTA</li>
<li>LEVE, MENOS DE 19 Kg GRAÇAS AO QUADRO DE ALUMÍNIO E GARFO DE CARBONO</li>
<li>CONECTIVIDADE BLUETOOTH COM APP PRÓPRIO</li>
<li>DISPLAY INTEGRADO AO QUADRO COM UM ÚNICO BOTÃO PARA GERENCIAR TODAS AS FUNÇÕES DE FORMA FÁCIL E INTUITIVA</li>
<li>ELETRÔNICA AVANÇADA E BMS INTELIGENTE PERMITEM UMA CONDUÇÃO NATURAL E CONSUMO OTIMIZADO DA BATERIA, AMPLIANDO O ALCANCE DE USO</li>
<li>BATERIA ADICIONAL DE 7Ah DISPONÍVEL PARA USO DE LONGO ALCANCE</li>
</ul>
